{"id":123,"date":"2019-09-30T19:29:59","date_gmt":"2019-09-30T16:29:59","guid":{"rendered":"http:\/\/www.potansif.com\/?page_id=123"},"modified":"2019-10-16T09:51:13","modified_gmt":"2019-10-16T06:51:13","slug":"tool-ormer","status":"publish","type":"page","link":"http:\/\/www.potansif.com\/?page_id=123","title":{"rendered":"Tool Ormer"},"content":{"rendered":"\r\n<p>Object Pascal geli\u015ftiricileri i\u00e7in Database First ilkesine dayal\u0131 bir Mikro ORM arac\u0131d\u0131r. Ba\u011fland\u0131\u011f\u0131n\u0131z veritaban\u0131nda yazd\u0131\u011f\u0131n\u0131z SELECT ifadelerini TObject s\u0131n\u0131f\u0131ndan t\u00fcretilmi\u015f nesnelere d\u00f6n\u00fc\u015ft\u00fcr\u00fcr.<\/p>\r\n","protected":false},"excerpt":{"rendered":"<p>Object Pascal geli\u015ftiricileri i\u00e7in Database First ilkesine dayal\u0131 bir Mikro ORM arac\u0131d\u0131r. Ba\u011fland\u0131\u011f\u0131n\u0131z veritaban\u0131nda yazd\u0131\u011f\u0131n\u0131z SELECT ifadelerini TObject s\u0131n\u0131f\u0131ndan t\u00fcretilmi\u015f nesnelere d\u00f6n\u00fc\u015ft\u00fcr\u00fcr.<\/p>\n","protected":false},"author":1,"featured_media":0,"parent":38,"menu_order":0,"comment_status":"closed","ping_status":"closed","template":"","meta":{"footnotes":""},"class_list":["post-123","page","type-page","status-publish","hentry"],"_links":{"self":[{"href":"http:\/\/www.potansif.com\/index.php?rest_route=\/wp\/v2\/pages\/123","targetHints":{"allow":["GET"]}}],"collection":[{"href":"http:\/\/www.potansif.com\/index.php?rest_route=\/wp\/v2\/pages"}],"about":[{"href":"http:\/\/www.potansif.com\/index.php?rest_route=\/wp\/v2\/types\/page"}],"author":[{"embeddable":true,"href":"http:\/\/www.potansif.com\/index.php?rest_route=\/wp\/v2\/users\/1"}],"replies":[{"embeddable":true,"href":"http:\/\/www.potansif.com\/index.php?rest_route=%2Fwp%2Fv2%2Fcomments&post=123"}],"version-history":[{"count":3,"href":"http:\/\/www.potansif.com\/index.php?rest_route=\/wp\/v2\/pages\/123\/revisions"}],"predecessor-version":[{"id":316,"href":"http:\/\/www.potansif.com\/index.php?rest_route=\/wp\/v2\/pages\/123\/revisions\/316"}],"up":[{"embeddable":true,"href":"http:\/\/www.potansif.com\/index.php?rest_route=\/wp\/v2\/pages\/38"}],"wp:attachment":[{"href":"http:\/\/www.potansif.com\/index.php?rest_route=%2Fwp%2Fv2%2Fmedia&parent=123"}],"curies":[{"name":"wp","href":"https:\/\/api.w.org\/{rel}","templated":true}]}}